 77. What is the tens digit of q?
1
Suppose 0 = n + 3*t + 7, -2*n - 10 = 2*t + 3*t. Suppose -n*f + 20 + 25 = 0. Let h = -2 + f. What is the units digit of h?
7
Let z be 106 + 1 + (-1)/(-1). Let m be (2 - -2)*z/(-16). Let u = -13 - m. What is the units digit of u?
4
Let o(p) = 31*p + 14. Let b be o(6). Suppose -7*a + b = -2*a. What is the units digit of a?
0
Let j be 1 + 0 + -3 + -4. Suppose 0 = 3*h + 2*h + 2*u - 75, -5*h - 4*u = -85. Let x = j + h. What is the units digit of x?
7
Suppose 0 = 4*p + 350 + 2. Let a be p/(-20) + 4/(-10). Suppose 3*x - 9 = -5*v + a*x, -4*x = -v - 2. What is the units digit of v?
2
Let d(s) be the third derivative of s**6/120 + s**5/15 - 5*s**4/24 + s**3/2 - s**2. Let u be (4/8)/((-2)/20). What is the units digit of d(u)?
3
Let w = -15 - -10. Suppose -3*q - u + 34 = -6*u, -q = u - 6. Let k = w + q. What is the units digit of k?
3
Let t(d) = d**3 - 4*d**2 + 6*d - 3. What is the units digit of t(4)?
1
Let u(c) = -c**3 - 4*c**2 + 3*c - 5. Let o be u(-5). Suppose -30 = 5*s + o. Let d = -4 - s. What is the units digit of d?
3
Let w(c) = 2*c**2 + 4 + c**2 + 10*c**2 - 3. What is the tens digit of w(1)?
1
Suppose 13 = 2*j - 5*p, -3*j = -4*p - 11 + 2. Let d(w) = -5*w**3 + w. Let b be d(j). Suppose 0 = b*f - 35 + 11. What is the units digit of f?
6
Suppose -383 = -3*x - b + 285, -5*x - 4*b + 1118 = 0. What is the tens digit of x?
2
Let i(h) be the second derivative of 7/6*h**3 - h**2 - 1/2*h**4 + 1/20*h**5 + 0 + h. What is the units digit of i(5)?
8
Let w(y) = -1 - 4*y - y + 0 + 3*y. What is the units digit of w(-6)?
1
Let v(w) = w**2 - 9*w - 7. Let j be v(8). Let x = 29 + j. What is the tens digit of (-21)/x + (-66)/(-4)?
1
Let q = 5 - 5. Let n = q + 2. Suppose -z + n*z = 3. What is the units digit of z?
3
Let a be -2*(-3)/2 - -10. Let h be -3*((-51)/(-9) - 3). Let o = h + a. What is the units digit of o?
5
Let z(s) = s**3 - 9*s**2 - 15*s - 6. What is the units digit of z(11)?
1
Let h be (-1)/(-3) + 53/3. Let r = 13 - h. What is the units digit of (-2 + r/(-2))*2?
1
Suppose 6*o = 3*t + 2*o + 10, 2*t + 4*o = 20. Let x(a) = a**2 + 3*a - 3. Let k be x(2). Suppose -k + t = -b. What is the units digit of b?
5
Let m(y) = 4*y - 6. What is the units digit of m(5)?
4
Let b(z) = -z**2 - 7*z - 1. Let o be b(-6). Suppose 4*t - o*t + 3 = 0. What is the units digit of 1*(-10)/(1 - t)?
5
Suppose -74 = -2*n + 2*r, -2*n - 7*r = -4*r - 79. What is the units digit of n?
8
What is the units digit of (-1 - 2)/((-18)/12)?
2
Let p(a) = -2*a + 36. What is the units digit of p(16)?
4
Suppose 3*a + 0*s = 2*s + 855, 4*s = -2*a + 554. What is the hundreds digit of a?
2
Suppose 2*p = 6, 5*a + 2*p - 409 - 147 = 0. What is the tens digit of a?
1
Let j = -9 - -61. Suppose 0 = 2*x + 4*a - j, 3*x - 4*a = 6*x - 72. What is the units digit of x?
0
Let h(z) = -z**3 + 6 - 4*z + 7 - 3 - 6*z**2. What is the units digit of h(-5)?
5
Let w be 4/10 + 13/5. Suppose -3 = -w*p + 3. Suppose -6*g + 3*g + p = -k, -2*g + k + 1 = 0. What is the units digit of g?
1
Let u(s) = s**2 + s + 2. Let o be u(0). Suppose -2*j = 6, 3*j + 26 + 27 = o*b. What is the tens digit of b?
2
What is the hundreds digit of 424/(1 - 0) + 36/(-9)?
4
Suppose -3*h = y - 3, 0*h = -4*y + 2*h - 2. Suppose 0 = 2*i + 2 - y. What is the units digit of (-16)/(-6)*(2 - i)?
8
Let p(f) = -2*f - 8. Let h be p(-5). Suppose 4*x - h*x = 22. What is the tens digit of x?
1
Suppose 3*h = 6*h - 3*n - 111, 0 = -h + 5*n + 25. Suppose 0 = -x + 5*x + h. Let b = 22 + x. What is the tens digit of b?
1
Suppose 0 = 5*z - 5*u - 830, -2*z + 5*u + 332 = -0*z. What is the tens digit of z?
6
Suppose i - 2 = 0, 5*u + 2*i = -3*i + 40. Suppose -15 = -3*s - u. What is the units digit of s?
3
Let y = 38 + -15. Suppose 4*x = 79 - y. What is the units digit of x?
4
Let v(f) be the first derivative of -15*f**4/2 + f**2/2 - 7. What is the tens digit of v(-1)?
2
Let u(a) = -2*a - 8 + 4*a + 9. Let p be u(-1). What is the units digit of 12/3 + 0 - p?
5
Let j = 4 + -3. What is the units digit of -6 - -6 - -4*j?
4
Suppose p + n + 1 = -2, -2*n - 8 = 3*p. What is the units digit of p/(-2)*-2 + 7?
5
What is the units digit of (4 - 7)/((-3)/19)?
9
Let t be 8 - 6/((-2)/(-1)). Suppose 16 - 38 = -3*p + 5*y, -t*p + 2*y = -62. What is the tens digit of p?
1
Let h = -31 + 122. What is the tens digit of h?
9
What is the units digit of 16 - (1 - (-2 + 3))?
6
Let d be (0 - (2 - 1)) + 1. What is the units digit of d - 33/3*-1?
1
What is the units digit of -3*-5*3/(-15)*-31?
3
Let n = -105 + 192. What is the tens digit of n?
8
Suppose a + 24 = 3*c, -3*a - 11 - 48 = 4*c. Let u(g) = -32*g**3 + 2*g**2 - 1. Let v be u(1). Let j = a - v. What is the units digit of j?
0
Let z = 6 + -4. What is the units digit of (-4)/6*(-14 + z)?
8
Suppose -4*l = -5*s - 0*s - 247, 5*l - 284 = -2*s. What is the units digit of l?
8
Let n(z) = 5*z**3 - 2*z**2 + 1. Let g(r) = 11*r**3 - 4*r**2 + 2. Let y(o) = -6*g(o) + 13*n(o). What is the tens digit of y(-3)?
1
Let g be ((-231)/(-6) - -1)*2. Let y = g - 54. Let u = y - 18. What is the units digit of u?
7
Let a = 1 + -6. Let t be 10/2*2/(-5). Let g = t - a. What is the units digit of g?
3
What is the tens digit of (-5)/(5/(-47)) + 0?
4
Let y be 5/(-20) - 26/(-8). Suppose t - 24 = -y*t. Suppose 2*k + 27 = 5*l, -k = 3*l - 4*l + t. What is the units digit of l?
5
Let f(p) = p**2 - p - 4. What is the units digit of f(6)?
6
What is the tens digit of -2*((-126)/4 + 2)?
5
What is the tens digit of (1 - 10)*(-9 + 6)?
2
Let j be (4/10)/(1/15). Let w(u) = u**2 - 9*u + 3. Let a(i) = i**2 - 10*i + 2. Let h(y) = -3*a(y) + 4*w(y). What is the units digit of h(j)?
6
Let z = -8 - -13. Suppose x - 17 = -r, z*r + 65 = 4*x - 3. Suppose -3 = 2*o - x. What is the units digit of o?
7
Suppose m = -2 + 47. Suppose 3*t - 2*b = m, -3*t = 2*b - 0*b - 45. What is the tens digit of t?
1
Suppose -r + 3*r = 0. Suppose q + r = 7. What is the units digit of q?
7
Let g = 257 - 95. What is the units digit of g?
2
Suppose 2*q = -26 + 78. Let d(p) = -p - 6. Let n be d(-10). Suppose -4*v - q = -6*v + n*w, -2*w + 23 = 3*v. What is the units digit of v?
9
Let j(m) = m**3 - 14*m**2 + 18*m - 24. What is the units digit of j(13)?
1
Suppose -5*u = -0*u + 45. Let d be u/(-6)*(-30)/(-9). Suppose -2*l = -p + 5*p - 40, -15 = -d*p. What is the units digit of l?
4
Suppose 2*l + 526 = 2*g, -3*g - 2*l = -0*l - 784. What is the units digit of g?
2
Suppose -d - 2*d + 4*l = -58, 3*l - 93 = -3*d. What is the tens digit of d?
2
Suppose -80 - 148 = -2*c + 4*g, -5*g = 3*c - 375. What is the hundreds digit of c?
1
Suppose 24 = l - 6*i + 2*i, -5*i = -5*l + 120. Suppose -129 = -5*k - l. Suppose 5*s - o - k = o, 0 = -s - 2*o + 9. What is the units digit of s?
5
Let r(g) be the first derivative of -g**4/4 + 8*g**3/3 - 3*g**2 - 6*g + 2. What is the units digit of r(7)?
1
Suppose -2*h - 13 = -3*h. What is the units digit of h?
3
Suppose -h = -5*t + 796, -t + 58 = -5*h - 106. What is the hundreds digit of t?
1
Let t(z) = 106*z - 40. What is the hundreds digit of t(3)?
2
Suppose 2*q - q = -2, -3*q - 54 = -4*o. What is the units digit of o?
2
Let r(y) = y**3 - y**2 + y. Suppose 2*i + 10 = 7*i. What is the units digit of r(i)?
6
Let o be -3 + 87 + (-1)/(-1). Suppose 0*r + o = 5*r. What is the tens digit of r?
1
Suppose 4*i + 24 = 4*b, 0 = 4*i - 14 - 6. Suppose -2*v - 3*r - 2*r + 26 = 0, -v - 2*r + b = 0. Suppose v*q = 57 - 3. What is the tens digit of q?
1
Suppose -28 + 4 = -4*z. Let l = z - 2. Suppose -3*x = -2*c + 22, 7*c = l*c + 5*x + 32. What is the tens digit of c?
1
Suppose -2*d + 180 = 22. What is the tens digit of d?
7
Let c(i) = 12*i - 4. What is the units digit of c(5)?
6
Let v(u) = -9*u - 21. What is the units digit of v(-9)?
0
Let p(b) = 36*b. What is the units digit of p(1)?
6
Let h = 51 - 22. What is the tens digit of h?
2
Let m = -5 + 1. Let s(z) = z + 1. Let t be s(m). Let w = t - -15. What is the tens digit of w?
1
Let a(t) = t**3 - 6*t**2 + 5*t. Let s be a(5). Suppose 0*v - 13 = -v. Suppose s*h = 2*i + h - 23, h + v = i. What is the tens digit of i?
1
Let i be 18/5*(-5)/(-2). Suppose -3*j = i - 45. What is the tens digit of j?
1
Suppose -o + 58 = o. Suppose -c + 43 = -2*z, -3*c + 95 + o = -5*z. What is the tens digit of c?
3
Let i(l) = -l**2 - 5*l - 2. Let k be i(-4). Let f(n) = n. L